{"id":11,"date":"2015-02-12T15:11:24","date_gmt":"2015-02-12T15:11:24","guid":{"rendered":"http:\/\/www.sping.si\/?page_id=11"},"modified":"2025-10-08T17:07:05","modified_gmt":"2025-10-08T17:07:05","slug":"ponudba","status":"publish","type":"page","link":"https:\/\/www.sping.si\/?page_id=11","title":{"rendered":"Ponudba"},"content":{"rendered":"<ul>\n<li style=\"text-align: left;\">beljenje sten in stropov s \u0161iroko paleto barv in tehnik po \u017eelji stranke<\/li>\n<li style=\"text-align: left;\">glajenje sten in stropov z izravnalno maso<\/li>\n<li style=\"text-align: left;\">izdelava dekorativnih ometov razli\u010dnih&nbsp;vrst<\/li>\n<li style=\"text-align: left;\">impregnacija sten in stropov z antinikotinskim, antimikrobnimi premazi in proti plesni<\/li>\n<li style=\"text-align: left;\">monta\u017ea \u0161tukature in rozet<\/li>\n<li style=\"text-align: left;\">banda\u017eiranje gips plo\u0161\u010de in vgradnja vogalnikov<\/li>\n<li style=\"text-align: left;\">odstranjevanje tapet in starih nanosov barv<\/li>\n<li style=\"text-align: left;\">oljni opleski, oken in napu\u0161\u010dev<\/li>\n<li style=\"text-align: left;\">barvanje ograj, radiatorjev, lesenih in kovinskih konstrukcij<\/li>\n<li style=\"text-align: left;\">izvajamo tudi termoizolacijske tankoslojne kontaktne fasade, notranje in zunanje povr\u0161ine<\/li>\n<li style=\"text-align: left;\">izvedba posebnih tehnik, slikopleskarskih obdelav, marmoriranje, \u0161abloniranje, pavziranje<\/li>\n<li style=\"text-align: left;\">lepljenje tapet ( fototapete, pralne, nepralne, tapete iz steklenih vlaken)<\/li>\n<\/ul>\n","protected":false},"excerpt":{"rendered":"<p>beljenje sten in stropov s \u0161iroko paleto barv in tehnik po \u017eelji stranke glajenje sten in stropov z izravnalno maso izdelava dekorativnih ometov razli\u010dnih&nbsp;vrst impregnacija sten in stropov z antinikotinskim, antimikrobnimi premazi in proti plesni monta\u017ea \u0161tukature in rozet banda\u017eiranje gips plo\u0161\u010de in vgradnja vogalnikov odstranjevanje tapet in starih nanosov \u2026<\/p>\n<p class=\"continue-reading-button\"> <a class=\"continue-reading-link\" href=\"https:\/\/www.sping.si\/?page_id=11\">Continue reading<i class=\"crycon-right-dir\"><\/i><\/a><\/p>\n","protected":false},"author":1,"featured_media":0,"parent":0,"menu_order":0,"comment_status":"closed","ping_status":"open","template":"","meta":[],"_links":{"self":[{"href":"https:\/\/www.sping.si\/index.php?rest_route=\/wp\/v2\/pages\/11"}],"collection":[{"href":"https:\/\/www.sping.si\/index.php?rest_route=\/wp\/v2\/pages"}],"about":[{"href":"https:\/\/www.sping.si\/index.php?rest_route=\/wp\/v2\/types\/page"}],"author":[{"embeddable":true,"href":"https:\/\/www.sping.si\/index.php?rest_route=\/wp\/v2\/users\/1"}],"replies":[{"embeddable":true,"href":"https:\/\/www.sping.si\/index.php?rest_route=%2Fwp%2Fv2%2Fcomments&post=11"}],"version-history":[{"count":2,"href":"https:\/\/www.sping.si\/index.php?rest_route=\/wp\/v2\/pages\/11\/revisions"}],"predecessor-version":[{"id":100,"href":"https:\/\/www.sping.si\/index.php?rest_route=\/wp\/v2\/pages\/11\/revisions\/100"}],"wp:attachment":[{"href":"https:\/\/www.sping.si\/index.php?rest_route=%2Fwp%2Fv2%2Fmedia&parent=11"}],"curies":[{"name":"wp","href":"https:\/\/api.w.org\/{rel}","templated":true}]}}